{"id":112,"date":"2025-10-24T08:40:52","date_gmt":"2025-10-24T08:40:52","guid":{"rendered":"https:\/\/blog.duschwannen-und-badezimmer.com\/?page_id=112"},"modified":"2025-10-24T08:42:59","modified_gmt":"2025-10-24T08:42:59","slug":"wer-sind-wir","status":"publish","type":"page","link":"https:\/\/blog.duschwannen-und-badezimmer.com\/index.php\/wer-sind-wir\/","title":{"rendered":"Wer sind wir?"},"content":{"rendered":"\n[et_pb_section fb_built=\u00a0\u00bb1&Prime; admin_label=\u00a0\u00bbHero Section\u00a0\u00bb _builder_version=\u00a0\u00bb4.16&Prime; custom_padding=\u00a0\u00bb0|0px|0px|0px\u00a0\u00bb global_colors_info=\u00a0\u00bb{}\u00a0\u00bb theme_builder_area=\u00a0\u00bbpost_content\u00a0\u00bb][et_pb_row use_custom_gutter=\u00a0\u00bbon\u00a0\u00bb make_equal=\u00a0\u00bbon\u00a0\u00bb _builder_version=\u00a0\u00bb4.27.4&Prime; width=\u00a0\u00bb100%\u00a0\u00bb max_width=\u00a0\u00bb100%\u00a0\u00bb custom_padding=\u00a0\u00bb0px|0|0px|\u00a0\u00bb hover_enabled=\u00a0\u00bb0&Prime; use_custom_width=\u00a0\u00bbon\u00a0\u00bb width_unit=\u00a0\u00bboff\u00a0\u00bb custom_width_percent=\u00a0\u00bb100%\u00a0\u00bb global_colors_info=\u00a0\u00bb{}\u00a0\u00bb column_structure=\u00a0\u00bb1_2,1_2&Prime; theme_builder_area=\u00a0\u00bbpost_content\u00a0\u00bb sticky_enabled=\u00a0\u00bb0&Prime;][et_pb_column type=\u00a0\u00bb1_2&Prime; _builder_version=\u00a0\u00bb4.16&Prime; custom_padding=\u00a0\u00bb200px|4%|200px|8%\u00a0\u00bb custom_padding_tablet=\u00a0\u00bb60px|10%|60px|10%\u00a0\u00bb custom_padding_last_edited=\u00a0\u00bbon|tablet\u00a0\u00bb global_colors_info=\u00a0\u00bb{}\u00a0\u00bb padding_tablet=\u00a0\u00bb60px|10%|60px|10%\u00a0\u00bb padding_last_edited=\u00a0\u00bbon|tablet\u00a0\u00bb custom_padding__hover=\u00a0\u00bb|||\u00a0\u00bb theme_builder_area=\u00a0\u00bbpost_content\u00a0\u00bb custom_padding_phone=\u00a0\u00bb60px|10%|60px|10%\u00a0\u00bb padding_phone=\u00a0\u00bb60px|10%|60px|10%\u00a0\u00bb][et_pb_text _builder_version=\u00a0\u00bb4.16&Prime; text_font=\u00a0\u00bbKarla||||||||\u00a0\u00bb text_font_size=\u00a0\u00bb18px\u00a0\u00bb text_line_height=\u00a0\u00bb1.8em\u00a0\u00bb header_font=\u00a0\u00bbCormorant Garamond||||||||\u00a0\u00bb header_font_size=\u00a0\u00bb56px\u00a0\u00bb header_line_height=\u00a0\u00bb1.4em\u00a0\u00bb header_2_font=\u00a0\u00bb||||||||\u00a0\u00bb header_3_font=\u00a0\u00bb||||||||\u00a0\u00bb max_width=\u00a0\u00bb600px\u00a0\u00bb header_font_size_tablet=\u00a0\u00bb40px\u00a0\u00bb header_font_size_phone=\u00a0\u00bb\u00a0\u00bb header_font_size_last_edited=\u00a0\u00bbon|tablet\u00a0\u00bb locked=\u00a0\u00bboff\u00a0\u00bb global_colors_info=\u00a0\u00bb{}\u00a0\u00bb theme_builder_area=\u00a0\u00bbpost_content\u00a0\u00bb]<h1>Wer sind wir?<\/h1>\n<p>Familienunternehmen, das 2005 von Sylvain gegr\u00fcndet wurde und 2024 von seiner Tochter beigetreten ist, sind wir Spezialisten f\u00fcr ma\u00dfgeschneiderte Sanit\u00e4ranlagen. Wir entwerfen und vertreiben online ma\u00dfgeschneiderte Badezimmer: Duschwannen, Duschw\u00e4nde, Waschtische und andere Sanit\u00e4rartikel, die in ganz Europa geliefert werden.<\/p>[\/et_pb_text][et_pb_button button_text=\u00a0\u00bbE-Commerce-Website\u00a0\u00bb _builder_version=\u00a0\u00bb4.27.4&Prime; custom_button=\u00a0\u00bbon\u00a0\u00bb button_text_size=\u00a0\u00bb13px\u00a0\u00bb button_text_color=\u00a0\u00bb#ffffff\u00a0\u00bb button_bg_color=\u00a0\u00bb#c2ab92&Prime; button_border_width=\u00a0\u00bb2px\u00a0\u00bb button_border_color=\u00a0\u00bb#c2ab92&Prime; button_border_radius=\u00a0\u00bb0px\u00a0\u00bb button_letter_spacing=\u00a0\u00bb2px\u00a0\u00bb button_font=\u00a0\u00bbKarla|700||on|||||\u00a0\u00bb background_layout=\u00a0\u00bbdark\u00a0\u00bb custom_padding=\u00a0\u00bb10px||10px|\u00a0\u00bb hover_enabled=\u00a0\u00bb0&Prime; button_letter_spacing_hover=\u00a0\u00bb2px\u00a0\u00bb locked=\u00a0\u00bboff\u00a0\u00bb global_colors_info=\u00a0\u00bb{}\u00a0\u00bb button_text_size__hover_enabled=\u00a0\u00bboff\u00a0\u00bb button_one_text_size__hover_enabled=\u00a0\u00bboff\u00a0\u00bb button_two_text_size__hover_enabled=\u00a0\u00bboff\u00a0\u00bb button_text_color__hover_enabled=\u00a0\u00bboff\u00a0\u00bb button_one_text_color__hover_enabled=\u00a0\u00bboff\u00a0\u00bb button_two_text_color__hover_enabled=\u00a0\u00bboff\u00a0\u00bb button_border_width__hover_enabled=\u00a0\u00bboff\u00a0\u00bb button_one_border_width__hover_enabled=\u00a0\u00bboff\u00a0\u00bb button_two_border_width__hover_enabled=\u00a0\u00bboff\u00a0\u00bb button_border_color__hover_enabled=\u00a0\u00bboff\u00a0\u00bb button_one_border_color__hover_enabled=\u00a0\u00bboff\u00a0\u00bb button_two_border_color__hover_enabled=\u00a0\u00bboff\u00a0\u00bb button_border_radius__hover_enabled=\u00a0\u00bboff\u00a0\u00bb button_one_border_radius__hover_enabled=\u00a0\u00bboff\u00a0\u00bb button_two_border_radius__hover_enabled=\u00a0\u00bboff\u00a0\u00bb button_letter_spacing__hover_enabled=\u00a0\u00bbon\u00a0\u00bb button_letter_spacing__hover=\u00a0\u00bb2px\u00a0\u00bb button_one_letter_spacing__hover_enabled=\u00a0\u00bboff\u00a0\u00bb button_two_letter_spacing__hover_enabled=\u00a0\u00bboff\u00a0\u00bb button_bg_color__hover_enabled=\u00a0\u00bboff\u00a0\u00bb button_one_bg_color__hover_enabled=\u00a0\u00bboff\u00a0\u00bb button_two_bg_color__hover_enabled=\u00a0\u00bboff\u00a0\u00bb theme_builder_area=\u00a0\u00bbpost_content\u00a0\u00bb button_url=\u00a0\u00bbhttps:\/\/www.duschwannen-und-badezimmer.com\/\u00a0\u00bb sticky_enabled=\u00a0\u00bb0&Prime;][\/et_pb_button][\/et_pb_column][et_pb_column type=\u00a0\u00bb1_2&Prime; _builder_version=\u00a0\u00bb4.27.4&Prime; background_color=\u00a0\u00bb#121212&Prime; use_background_color_gradient=\u00a0\u00bbon\u00a0\u00bb background_color_gradient_stops=\u00a0\u00bbrgba(18,18,18,0.5) 0%|#121212 100%\u00a0\u00bb background_color_gradient_overlays_image=\u00a0\u00bbon\u00a0\u00bb background_color_gradient_start=\u00a0\u00bbrgba(18,18,18,0.5)\u00a0\u00bb background_color_gradient_end=\u00a0\u00bb#121212&Prime; background_image=\u00a0\u00bbhttps:\/\/blog.duschwannen-und-badezimmer.com\/wp-content\/uploads\/2025\/10\/FIO_09_SFERA_COMO1_DET1_ret.jpg\u00a0\u00bb custom_padding=\u00a0\u00bb100px||100px|\u00a0\u00bb custom_padding_tablet=\u00a0\u00bb60px||60px|\u00a0\u00bb custom_padding_last_edited=\u00a0\u00bbon|desktop\u00a0\u00bb hover_enabled=\u00a0\u00bb0&Prime; global_colors_info=\u00a0\u00bb{}\u00a0\u00bb padding_tablet=\u00a0\u00bb60px||60px|\u00a0\u00bb padding_last_edited=\u00a0\u00bbon|desktop\u00a0\u00bb custom_padding__hover=\u00a0\u00bb|||\u00a0\u00bb theme_builder_area=\u00a0\u00bbpost_content\u00a0\u00bb title_text=\u00a0\u00bbFIO_09_SFERA_COMO1_DET1_ret\u00a0\u00bb sticky_enabled=\u00a0\u00bb0&Prime; custom_padding_phone=\u00a0\u00bb60px||60px|\u00a0\u00bb padding_phone=\u00a0\u00bb60px||60px|\u00a0\u00bb][et_pb_image src=\u00a0\u00bbhttps:\/\/blog.duschwannen-und-badezimmer.com\/wp-content\/uploads\/2025\/10\/PHOTO-2025-09-30-19-08-07.jpg\u00a0\u00bb align_tablet=\u00a0\u00bbcenter\u00a0\u00bb align_last_edited=\u00a0\u00bbon|desktop\u00a0\u00bb _builder_version=\u00a0\u00bb4.27.4&Prime; max_width=\u00a0\u00bb600px\u00a0\u00bb max_width_tablet=\u00a0\u00bb\u00a0\u00bb max_width_phone=\u00a0\u00bb\u00a0\u00bb max_width_last_edited=\u00a0\u00bbon|desktop\u00a0\u00bb custom_margin=\u00a0\u00bb|||-8%\u00a0\u00bb custom_margin_tablet=\u00a0\u00bb60px|60px|60px|60px\u00a0\u00bb custom_margin_phone=\u00a0\u00bb\u00a0\u00bb custom_margin_last_edited=\u00a0\u00bbon|desktop\u00a0\u00bb custom_padding=\u00a0\u00bb|||\u00a0\u00bb animation_style=\u00a0\u00bbslide\u00a0\u00bb animation_direction=\u00a0\u00bbright\u00a0\u00bb animation_intensity_slide=\u00a0\u00bb4%\u00a0\u00bb animation_starting_opacity=\u00a0\u00bb50%\u00a0\u00bb hover_enabled=\u00a0\u00bb0&Prime; box_shadow_style=\u00a0\u00bbpreset3&Prime; box_shadow_blur=\u00a0\u00bb80px\u00a0\u00bb global_colors_info=\u00a0\u00bb{}\u00a0\u00bb theme_builder_area=\u00a0\u00bbpost_content\u00a0\u00bb title_text=\u00a0\u00bbPHOTO-2025-09-30-19-08-07&Prime; sticky_enabled=\u00a0\u00bb0&Prime; align_phone=\u00a0\u00bbcenter\u00a0\u00bb][\/et_pb_image][\/et_pb_column][\/et_pb_row][\/et_pb_section][et_pb_section fb_built=\u00a0\u00bb1&Prime; admin_label=\u00a0\u00bbAbout\u00a0\u00bb _builder_version=\u00a0\u00bb4.16&Prime; background_color=\u00a0\u00bb#121212&Prime; custom_padding=\u00a0\u00bb100px|0px|100px|0px\u00a0\u00bb global_colors_info=\u00a0\u00bb{}\u00a0\u00bb theme_builder_area=\u00a0\u00bbpost_content\u00a0\u00bb][et_pb_row _builder_version=\u00a0\u00bb4.16&Prime; custom_margin=\u00a0\u00bb||50px|\u00a0\u00bb global_colors_info=\u00a0\u00bb{}\u00a0\u00bb column_structure=\u00a0\u00bb1_3,2_3&Prime; theme_builder_area=\u00a0\u00bbpost_content\u00a0\u00bb][et_pb_column type=\u00a0\u00bb1_3&Prime; _builder_version=\u00a0\u00bb4.16&Prime; custom_padding=\u00a0\u00bb|||\u00a0\u00bb global_colors_info=\u00a0\u00bb{}\u00a0\u00bb custom_padding__hover=\u00a0\u00bb|||\u00a0\u00bb theme_builder_area=\u00a0\u00bbpost_content\u00a0\u00bb][et_pb_text _builder_version=\u00a0\u00bb4.16&Prime; text_font=\u00a0\u00bbKarla|700||on|||||\u00a0\u00bb text_text_color=\u00a0\u00bbrgba(255,255,255,0.4)\u00a0\u00bb text_font_size=\u00a0\u00bb13px\u00a0\u00bb text_letter_spacing=\u00a0\u00bb2px\u00a0\u00bb background_layout=\u00a0\u00bbdark\u00a0\u00bb locked=\u00a0\u00bboff\u00a0\u00bb global_colors_info=\u00a0\u00bb{}\u00a0\u00bb theme_builder_area=\u00a0\u00bbpost_content\u00a0\u00bb]<p>Who We Are<\/p>\r[\/et_pb_text][et_pb_text _builder_version=\u00a0\u00bb4.27.4&Prime; text_font=\u00a0\u00bbCormorant Garamond||||||||\u00a0\u00bb text_text_color=\u00a0\u00bb#ffffff\u00a0\u00bb text_font_size=\u00a0\u00bb26px\u00a0\u00bb text_line_height=\u00a0\u00bb1.8em\u00a0\u00bb header_font=\u00a0\u00bb||||||||\u00a0\u00bb header_4_font=\u00a0\u00bbKarla|700||on|||||\u00a0\u00bb header_4_text_color=\u00a0\u00bbrgba(255,255,255,0.4)\u00a0\u00bb header_4_font_size=\u00a0\u00bb13px\u00a0\u00bb header_4_letter_spacing=\u00a0\u00bb2px\u00a0\u00bb header_4_line_height=\u00a0\u00bb1.8em\u00a0\u00bb background_layout=\u00a0\u00bbdark\u00a0\u00bb hover_enabled=\u00a0\u00bb0&Prime; global_colors_info=\u00a0\u00bb{}\u00a0\u00bb theme_builder_area=\u00a0\u00bbpost_content\u00a0\u00bb sticky_enabled=\u00a0\u00bb0&Prime; link_text_color=\u00a0\u00bb#FFFFFF\u00a0\u00bb link_font=\u00a0\u00bb|700|||||||\u00a0\u00bb]<p>Unser Kundendienst ist von Montag bis Freitag von 9.00 bis 12.30 Uhr und von 14.30 bis 18.00 Uhr ge\u00f6ffnet<\/p>\n<p>Mail: info@carrelage-et-salle-de-bains.com<\/p>\n<p>Telefon: +33 4 73 97 26 41<\/p>\n<p>i-commerce: <a href=\"https:\/\/www.duschwannen-und-badezimmer.com\/\">www.duschwannen-und-badezimmer.com<\/a><\/p>[\/et_pb_text][\/et_pb_column][et_pb_column type=\u00a0\u00bb2_3&Prime; _builder_version=\u00a0\u00bb4.16&Prime; custom_padding=\u00a0\u00bb|||\u00a0\u00bb global_colors_info=\u00a0\u00bb{}\u00a0\u00bb custom_padding__hover=\u00a0\u00bb|||\u00a0\u00bb theme_builder_area=\u00a0\u00bbpost_content\u00a0\u00bb][et_pb_text _builder_version=\u00a0\u00bb4.27.4&Prime; text_font=\u00a0\u00bbKarla||||||||\u00a0\u00bb text_text_color=\u00a0\u00bb#FFFFFF\u00a0\u00bb text_font_size=\u00a0\u00bb18px\u00a0\u00bb text_line_height=\u00a0\u00bb1.8em\u00a0\u00bb hover_enabled=\u00a0\u00bb0&Prime; global_colors_info=\u00a0\u00bb{}\u00a0\u00bb theme_builder_area=\u00a0\u00bbpost_content\u00a0\u00bb sticky_enabled=\u00a0\u00bb0&Prime; link_text_color=\u00a0\u00bb#FFFFFF\u00a0\u00bb]<p>Unsere Geschichte beginnt im Jahr 2005, als Sylvain das Unternehmen in der Pariser Region als Fliesenh\u00e4ndler gr\u00fcndet.<\/p>\n<p>Angesichts der steigenden Nachfrage nach individuellen Badezimmern erweitert er sein Know-how rasch und spezialisiert sich auf ma\u00dfgeschneiderte Sanit\u00e4rprodukte: Duschwannen, Duschw\u00e4nde, Waschtische und moderne Sanit\u00e4reinrichtungen.<\/p>\n<p>Im Jahr 2024 tritt seine Tochter in das Familienunternehmen ein, um diese Expertise zu st\u00e4rken und eine neue Dynamik zu entwickeln.<\/p>\n<p>Heute arbeiten sie gemeinsam an der Entwicklung und dem Vertrieb ma\u00dfgeschneiderter Badl\u00f6sungen in ganz Europa.<\/p>\n<p>Mit unserem Online-Shop bieten wir jedem Kunden hochwertige, \u00e4sthetische und an die Bed\u00fcrfnisse moderner B\u00e4der angepasste Produkte.<\/p>[\/et_pb_text][\/et_pb_column][\/et_pb_row][\/et_pb_section]\n","protected":false},"excerpt":{"rendered":"<p>Wer sind wir? Familienunternehmen, das 2005 von Sylvain gegr\u00fcndet wurde und 2024 von seiner Tochter beigetreten ist, sind wir Spezialisten f\u00fcr ma\u00dfgeschneiderte Sanit\u00e4ranlagen. Wir entwerfen und vertreiben online ma\u00dfgeschneiderte Badezimmer: Duschwannen, Duschw\u00e4nde, Waschtische und andere Sanit\u00e4rartikel, die in ganz Europa geliefert werden.Who We Are Unser Kundendienst ist von Montag bis Freitag von 9.00 bis 12.30 [&hellip;]<\/p>\n","protected":false},"author":1,"featured_media":0,"parent":0,"menu_order":0,"comment_status":"closed","ping_status":"closed","template":"","meta":{"_et_pb_use_builder":"on","_et_pb_old_content":"","_et_gb_content_width":"","footnotes":""},"class_list":["post-112","page","type-page","status-publish","hentry"],"yoast_head":"<!-- This site is optimized with the Yoast SEO plugin v26.2 - https:\/\/yoast.com\/wordpress\/plugins\/seo\/ -->\n<title>Wer sind wir? - duschwannen-und-badezimmer<\/title>\n<meta name=\"description\" content=\"Familienunternehmen, das 2005 von Sylvain gegr\u00fcndet wurde und 2024 von seiner Tochter beigetreten ist, sind wir Spezialisten f\u00fcr ma\u00dfgeschneiderte Sanit\u00e4ranlagen. Wir entwerfen und vertreiben online ma\u00dfgeschneiderte Badezimmer: Duschwannen, Duschw\u00e4nde, Waschtische und andere Sanit\u00e4rartikel, die in ganz Europa geliefert werden.\" \/>\n<meta name=\"robots\" content=\"index, follow, max-snippet:-1, max-image-preview:large, max-video-preview:-1\" \/>\n<link rel=\"canonical\" href=\"https:\/\/blog.duschwannen-und-badezimmer.com\/index.php\/wer-sind-wir\/\" \/>\n<meta property=\"og:locale\" content=\"fr_FR\" \/>\n<meta property=\"og:type\" content=\"article\" \/>\n<meta property=\"og:title\" content=\"Wer sind wir? - duschwannen-und-badezimmer\" \/>\n<meta property=\"og:description\" content=\"Familienunternehmen, das 2005 von Sylvain gegr\u00fcndet wurde und 2024 von seiner Tochter beigetreten ist, sind wir Spezialisten f\u00fcr ma\u00dfgeschneiderte Sanit\u00e4ranlagen. Wir entwerfen und vertreiben online ma\u00dfgeschneiderte Badezimmer: Duschwannen, Duschw\u00e4nde, Waschtische und andere Sanit\u00e4rartikel, die in ganz Europa geliefert werden.\" \/>\n<meta property=\"og:url\" content=\"https:\/\/blog.duschwannen-und-badezimmer.com\/index.php\/wer-sind-wir\/\" \/>\n<meta property=\"og:site_name\" content=\"duschwannen-und-badezimmer\" \/>\n<meta property=\"article:modified_time\" content=\"2025-10-24T08:42:59+00:00\" \/>\n<meta name=\"twitter:card\" content=\"summary_large_image\" \/>\n<meta name=\"twitter:label1\" content=\"Dur\u00e9e de lecture estim\u00e9e\" \/>\n\t<meta name=\"twitter:data1\" content=\"2 minutes\" \/>\n<script type=\"application\/ld+json\" class=\"yoast-schema-graph\">{\"@context\":\"https:\/\/schema.org\",\"@graph\":[{\"@type\":\"WebPage\",\"@id\":\"https:\/\/blog.duschwannen-und-badezimmer.com\/index.php\/wer-sind-wir\/\",\"url\":\"https:\/\/blog.duschwannen-und-badezimmer.com\/index.php\/wer-sind-wir\/\",\"name\":\"Wer sind wir? - duschwannen-und-badezimmer\",\"isPartOf\":{\"@id\":\"https:\/\/blog.duschwannen-und-badezimmer.com\/#website\"},\"datePublished\":\"2025-10-24T08:40:52+00:00\",\"dateModified\":\"2025-10-24T08:42:59+00:00\",\"description\":\"Familienunternehmen, das 2005 von Sylvain gegr\u00fcndet wurde und 2024 von seiner Tochter beigetreten ist, sind wir Spezialisten f\u00fcr ma\u00dfgeschneiderte Sanit\u00e4ranlagen. Wir entwerfen und vertreiben online ma\u00dfgeschneiderte Badezimmer: Duschwannen, Duschw\u00e4nde, Waschtische und andere Sanit\u00e4rartikel, die in ganz Europa geliefert werden.\",\"breadcrumb\":{\"@id\":\"https:\/\/blog.duschwannen-und-badezimmer.com\/index.php\/wer-sind-wir\/#breadcrumb\"},\"inLanguage\":\"fr-FR\",\"potentialAction\":[{\"@type\":\"ReadAction\",\"target\":[\"https:\/\/blog.duschwannen-und-badezimmer.com\/index.php\/wer-sind-wir\/\"]}]},{\"@type\":\"BreadcrumbList\",\"@id\":\"https:\/\/blog.duschwannen-und-badezimmer.com\/index.php\/wer-sind-wir\/#breadcrumb\",\"itemListElement\":[{\"@type\":\"ListItem\",\"position\":1,\"name\":\"Accueil\",\"item\":\"https:\/\/blog.duschwannen-und-badezimmer.com\/\"},{\"@type\":\"ListItem\",\"position\":2,\"name\":\"Wer sind wir?\"}]},{\"@type\":\"WebSite\",\"@id\":\"https:\/\/blog.duschwannen-und-badezimmer.com\/#website\",\"url\":\"https:\/\/blog.duschwannen-und-badezimmer.com\/\",\"name\":\"duschwannen-und-badezimmer\",\"description\":\"\",\"publisher\":{\"@id\":\"https:\/\/blog.duschwannen-und-badezimmer.com\/#organization\"},\"potentialAction\":[{\"@type\":\"SearchAction\",\"target\":{\"@type\":\"EntryPoint\",\"urlTemplate\":\"https:\/\/blog.duschwannen-und-badezimmer.com\/?s={search_term_string}\"},\"query-input\":{\"@type\":\"PropertyValueSpecification\",\"valueRequired\":true,\"valueName\":\"search_term_string\"}}],\"inLanguage\":\"fr-FR\"},{\"@type\":\"Organization\",\"@id\":\"https:\/\/blog.duschwannen-und-badezimmer.com\/#organization\",\"name\":\"duschwannen-und-badezimmer\",\"url\":\"https:\/\/blog.duschwannen-und-badezimmer.com\/\",\"logo\":{\"@type\":\"ImageObject\",\"inLanguage\":\"fr-FR\",\"@id\":\"https:\/\/blog.duschwannen-und-badezimmer.com\/#\/schema\/logo\/image\/\",\"url\":\"https:\/\/blog.duschwannen-und-badezimmer.com\/wp-content\/uploads\/2025\/10\/Capture-decran-2025-10-09-a-11.37.55.png\",\"contentUrl\":\"https:\/\/blog.duschwannen-und-badezimmer.com\/wp-content\/uploads\/2025\/10\/Capture-decran-2025-10-09-a-11.37.55.png\",\"width\":450,\"height\":431,\"caption\":\"duschwannen-und-badezimmer\"},\"image\":{\"@id\":\"https:\/\/blog.duschwannen-und-badezimmer.com\/#\/schema\/logo\/image\/\"}}]}<\/script>\n<!-- \/ Yoast SEO plugin. -->","yoast_head_json":{"title":"Wer sind wir? - duschwannen-und-badezimmer","description":"Familienunternehmen, das 2005 von Sylvain gegr\u00fcndet wurde und 2024 von seiner Tochter beigetreten ist, sind wir Spezialisten f\u00fcr ma\u00dfgeschneiderte Sanit\u00e4ranlagen. Wir entwerfen und vertreiben online ma\u00dfgeschneiderte Badezimmer: Duschwannen, Duschw\u00e4nde, Waschtische und andere Sanit\u00e4rartikel, die in ganz Europa geliefert werden.","robots":{"index":"index","follow":"follow","max-snippet":"max-snippet:-1","max-image-preview":"max-image-preview:large","max-video-preview":"max-video-preview:-1"},"canonical":"https:\/\/blog.duschwannen-und-badezimmer.com\/index.php\/wer-sind-wir\/","og_locale":"fr_FR","og_type":"article","og_title":"Wer sind wir? - duschwannen-und-badezimmer","og_description":"Familienunternehmen, das 2005 von Sylvain gegr\u00fcndet wurde und 2024 von seiner Tochter beigetreten ist, sind wir Spezialisten f\u00fcr ma\u00dfgeschneiderte Sanit\u00e4ranlagen. Wir entwerfen und vertreiben online ma\u00dfgeschneiderte Badezimmer: Duschwannen, Duschw\u00e4nde, Waschtische und andere Sanit\u00e4rartikel, die in ganz Europa geliefert werden.","og_url":"https:\/\/blog.duschwannen-und-badezimmer.com\/index.php\/wer-sind-wir\/","og_site_name":"duschwannen-und-badezimmer","article_modified_time":"2025-10-24T08:42:59+00:00","twitter_card":"summary_large_image","twitter_misc":{"Dur\u00e9e de lecture estim\u00e9e":"2 minutes"},"schema":{"@context":"https:\/\/schema.org","@graph":[{"@type":"WebPage","@id":"https:\/\/blog.duschwannen-und-badezimmer.com\/index.php\/wer-sind-wir\/","url":"https:\/\/blog.duschwannen-und-badezimmer.com\/index.php\/wer-sind-wir\/","name":"Wer sind wir? - duschwannen-und-badezimmer","isPartOf":{"@id":"https:\/\/blog.duschwannen-und-badezimmer.com\/#website"},"datePublished":"2025-10-24T08:40:52+00:00","dateModified":"2025-10-24T08:42:59+00:00","description":"Familienunternehmen, das 2005 von Sylvain gegr\u00fcndet wurde und 2024 von seiner Tochter beigetreten ist, sind wir Spezialisten f\u00fcr ma\u00dfgeschneiderte Sanit\u00e4ranlagen. Wir entwerfen und vertreiben online ma\u00dfgeschneiderte Badezimmer: Duschwannen, Duschw\u00e4nde, Waschtische und andere Sanit\u00e4rartikel, die in ganz Europa geliefert werden.","breadcrumb":{"@id":"https:\/\/blog.duschwannen-und-badezimmer.com\/index.php\/wer-sind-wir\/#breadcrumb"},"inLanguage":"fr-FR","potentialAction":[{"@type":"ReadAction","target":["https:\/\/blog.duschwannen-und-badezimmer.com\/index.php\/wer-sind-wir\/"]}]},{"@type":"BreadcrumbList","@id":"https:\/\/blog.duschwannen-und-badezimmer.com\/index.php\/wer-sind-wir\/#breadcrumb","itemListElement":[{"@type":"ListItem","position":1,"name":"Accueil","item":"https:\/\/blog.duschwannen-und-badezimmer.com\/"},{"@type":"ListItem","position":2,"name":"Wer sind wir?"}]},{"@type":"WebSite","@id":"https:\/\/blog.duschwannen-und-badezimmer.com\/#website","url":"https:\/\/blog.duschwannen-und-badezimmer.com\/","name":"duschwannen-und-badezimmer","description":"","publisher":{"@id":"https:\/\/blog.duschwannen-und-badezimmer.com\/#organization"},"potentialAction":[{"@type":"SearchAction","target":{"@type":"EntryPoint","urlTemplate":"https:\/\/blog.duschwannen-und-badezimmer.com\/?s={search_term_string}"},"query-input":{"@type":"PropertyValueSpecification","valueRequired":true,"valueName":"search_term_string"}}],"inLanguage":"fr-FR"},{"@type":"Organization","@id":"https:\/\/blog.duschwannen-und-badezimmer.com\/#organization","name":"duschwannen-und-badezimmer","url":"https:\/\/blog.duschwannen-und-badezimmer.com\/","logo":{"@type":"ImageObject","inLanguage":"fr-FR","@id":"https:\/\/blog.duschwannen-und-badezimmer.com\/#\/schema\/logo\/image\/","url":"https:\/\/blog.duschwannen-und-badezimmer.com\/wp-content\/uploads\/2025\/10\/Capture-decran-2025-10-09-a-11.37.55.png","contentUrl":"https:\/\/blog.duschwannen-und-badezimmer.com\/wp-content\/uploads\/2025\/10\/Capture-decran-2025-10-09-a-11.37.55.png","width":450,"height":431,"caption":"duschwannen-und-badezimmer"},"image":{"@id":"https:\/\/blog.duschwannen-und-badezimmer.com\/#\/schema\/logo\/image\/"}}]}},"_links":{"self":[{"href":"https:\/\/blog.duschwannen-und-badezimmer.com\/index.php\/wp-json\/wp\/v2\/pages\/112","targetHints":{"allow":["GET"]}}],"collection":[{"href":"https:\/\/blog.duschwannen-und-badezimmer.com\/index.php\/wp-json\/wp\/v2\/pages"}],"about":[{"href":"https:\/\/blog.duschwannen-und-badezimmer.com\/index.php\/wp-json\/wp\/v2\/types\/page"}],"author":[{"embeddable":true,"href":"https:\/\/blog.duschwannen-und-badezimmer.com\/index.php\/wp-json\/wp\/v2\/users\/1"}],"replies":[{"embeddable":true,"href":"https:\/\/blog.duschwannen-und-badezimmer.com\/index.php\/wp-json\/wp\/v2\/comments?post=112"}],"version-history":[{"count":4,"href":"https:\/\/blog.duschwannen-und-badezimmer.com\/index.php\/wp-json\/wp\/v2\/pages\/112\/revisions"}],"predecessor-version":[{"id":122,"href":"https:\/\/blog.duschwannen-und-badezimmer.com\/index.php\/wp-json\/wp\/v2\/pages\/112\/revisions\/122"}],"wp:attachment":[{"href":"https:\/\/blog.duschwannen-und-badezimmer.com\/index.php\/wp-json\/wp\/v2\/media?parent=112"}],"curies":[{"name":"wp","href":"https:\/\/api.w.org\/{rel}","templated":true}]}}